{"id":2278,"date":"2026-01-24T17:22:25","date_gmt":"2026-01-24T16:22:25","guid":{"rendered":"https:\/\/ptta.at\/?page_id=2278"},"modified":"2026-03-19T14:42:16","modified_gmt":"2026-03-19T13:42:16","slug":"2-kaernten-cup-powered-by-stada","status":"publish","type":"page","link":"https:\/\/ptta.at\/?page_id=2278","title":{"rendered":"2. K\u00e4rnten Cup powered by STADA"},"content":{"rendered":"\n<div style=\"height:var(--wp--preset--spacing--50)\" aria-hidden=\"true\" class=\"wp-block-spacer\"><\/div>\n\n\n\n<div class=\"wp-block-group alignwide has-global-padding is-layout-constrained wp-block-group-is-layout-constrained\">\n<h1 class=\"wp-block-heading alignwide has-large-font-size\" style=\"line-height:1.2\">Am 17. J\u00e4nner 2026 fand in Ebenthal bzw. Gurnitz der 2. K\u00e4rnten Cup mit 30 StarterInnen aus \u00d6sterreich, Deutschland, sowie je einer Dame aus Belgien und Holland, statt.<\/h1>\n\n\n\n<p>Nach dem erfolgreichen ersten K\u00e4rnten Cup 2025 wurde das Starterfeld verdoppelt, und Dietmar Jan und der TTC Felsberger Gurnitz organisierten wieder ein tolles Turnier, mit einem Rundum-Wohlf\u00fchl-Paket und vielen Goodies f\u00fcr die Teilnehmer! Ebenthals B\u00fcrgermeister, Christian Orasch, lie\u00df es sich nicht nehmen, viele der Matches live zu beobachten, und dann die Siegerehrung vorzunehmen.<\/p>\n\n\n\n<p>W\u00e4hrend des gesamten Turniertages herrschte eine harmonische, fr\u00f6hliche und herzerw\u00e4rmende Stimmung.&nbsp; Neben dem sportlichen Wettkampf standen vor allem Spa\u00df, Gemeinschaft und gegenseitige Unterst\u00fctzung im Mittelpunkt.<\/p>\n\n\n\n<p>Danke f\u00fcr dieses gro\u00dfartige Event, dem Organisationsteam, den TeilnehmerInnen, den Sponsoren, und Fotograf Ernst Kitzer.<\/p>\n<\/div>\n\n\n\n<div class=\"wp-block-group alignfull has-global-padding is-layout-constrained wp-container-core-group-is-layout-b25ccd55 wp-block-group-is-layout-constrained\" style=\"margin-top:0;margin-bottom:0;padding-top:var(--wp--preset--spacing--50);padding-right:var(--wp--preset--spacing--50);padding-bottom:var(--wp--preset--spacing--50);padding-left:var(--wp--preset--spacing--50)\">\n<div class=\"wp-block-columns alignwide is-layout-flex wp-container-core-columns-is-layout-ff4b9c61 wp-block-columns-is-layout-flex\" style=\"margin-top:0;margin-bottom:0\">\n<div class=\"wp-block-column is-layout-flow wp-container-core-column-is-layout-8a368f38 wp-block-column-is-layout-flow\">\n<figure class=\"wp-block-image size-large is-style-rounded is-style-rounded--1\"><img loading=\"lazy\" decoding=\"async\" width=\"1024\" height=\"768\" src=\"https:\/\/ptta.at\/wp-content\/uploads\/2026\/01\/IMG-20260118-WA0010-1024x768.jpg\" alt=\"\" class=\"wp-image-2281\" style=\"aspect-ratio:4\/3;object-fit:cover\" srcset=\"https:\/\/ptta.at\/wp-content\/uploads\/2026\/01\/IMG-20260118-WA0010-1024x768.jpg 1024w, https:\/\/ptta.at\/wp-content\/uploads\/2026\/01\/IMG-20260118-WA0010-300x225.jpg 300w, https:\/\/ptta.at\/wp-content\/uploads\/2026\/01\/IMG-20260118-WA0010-768x576.jpg 768w, https:\/\/ptta.at\/wp-content\/uploads\/2026\/01\/IMG-20260118-WA0010-1536x1152.jpg 1536w, https:\/\/ptta.at\/wp-content\/uploads\/2026\/01\/IMG-20260118-WA0010.jpg 1600w\" sizes=\"auto, (max-width: 1024px) 100vw, 1024px\" \/><\/figure>\n\n\n\n<div style=\"height:var(--wp--preset--spacing--50)\" aria-hidden=\"true\" class=\"wp-block-spacer\"><\/div>\n\n\n\n<figure class=\"wp-block-image size-large is-style-rounded is-style-rounded--2\"><img loading=\"lazy\" decoding=\"async\" width=\"768\" height=\"1024\" src=\"https:\/\/ptta.at\/wp-content\/uploads\/2026\/01\/IMG-20260118-WA0014-768x1024.jpg\" alt=\"\" class=\"wp-image-2284\" style=\"aspect-ratio:3\/4;object-fit:cover\" srcset=\"https:\/\/ptta.at\/wp-content\/uploads\/2026\/01\/IMG-20260118-WA0014-768x1024.jpg 768w, https:\/\/ptta.at\/wp-content\/uploads\/2026\/01\/IMG-20260118-WA0014-225x300.jpg 225w, https:\/\/ptta.at\/wp-content\/uploads\/2026\/01\/IMG-20260118-WA0014-1152x1536.jpg 1152w, https:\/\/ptta.at\/wp-content\/uploads\/2026\/01\/IMG-20260118-WA0014.jpg 1200w\" sizes=\"auto, (max-width: 768px) 100vw, 768px\" \/><\/figure>\n\n\n\n<div style=\"height:var(--wp--preset--spacing--50)\" aria-hidden=\"true\" class=\"wp-block-spacer\"><\/div>\n\n\n\n<figure class=\"wp-block-image size-large is-style-rounded is-style-rounded--3\"><img loading=\"lazy\" decoding=\"async\" width=\"768\" height=\"1024\" src=\"https:\/\/ptta.at\/wp-content\/uploads\/2026\/01\/1000112429-768x1024.jpg\" alt=\"\" class=\"wp-image-2288\" style=\"aspect-ratio:3\/4;object-fit:cover\" srcset=\"https:\/\/ptta.at\/wp-content\/uploads\/2026\/01\/1000112429-768x1024.jpg 768w, https:\/\/ptta.at\/wp-content\/uploads\/2026\/01\/1000112429-225x300.jpg 225w, https:\/\/ptta.at\/wp-content\/uploads\/2026\/01\/1000112429-1152x1536.jpg 1152w, https:\/\/ptta.at\/wp-content\/uploads\/2026\/01\/1000112429.jpg 1200w\" sizes=\"auto, (max-width: 768px) 100vw, 768px\" \/><\/figure>\n<\/div>\n\n\n\n<div class=\"wp-block-column is-layout-flow wp-container-core-column-is-layout-8a368f38 wp-block-column-is-layout-flow\">\n<div style=\"height:var(--wp--preset--spacing--50)\" aria-hidden=\"true\" class=\"wp-block-spacer\"><\/div>\n\n\n\n<figure class=\"wp-block-image size-large is-style-rounded is-style-rounded--4\"><img loading=\"lazy\" decoding=\"async\" width=\"623\" height=\"1024\" src=\"https:\/\/ptta.at\/wp-content\/uploads\/2026\/01\/619563527_122206264256560582_4082482044708636356_n-1-623x1024.jpg\" alt=\"\" class=\"wp-image-2280\" style=\"aspect-ratio:3\/4;object-fit:cover\" srcset=\"https:\/\/ptta.at\/wp-content\/uploads\/2026\/01\/619563527_122206264256560582_4082482044708636356_n-1-623x1024.jpg 623w, https:\/\/ptta.at\/wp-content\/uploads\/2026\/01\/619563527_122206264256560582_4082482044708636356_n-1-182x300.jpg 182w, https:\/\/ptta.at\/wp-content\/uploads\/2026\/01\/619563527_122206264256560582_4082482044708636356_n-1-768x1263.jpg 768w, https:\/\/ptta.at\/wp-content\/uploads\/2026\/01\/619563527_122206264256560582_4082482044708636356_n-1-934x1536.jpg 934w, https:\/\/ptta.at\/wp-content\/uploads\/2026\/01\/619563527_122206264256560582_4082482044708636356_n-1.jpg 1245w\" sizes=\"auto, (max-width: 623px) 100vw, 623px\" \/><\/figure>\n\n\n\n<div style=\"height:var(--wp--preset--spacing--50)\" aria-hidden=\"true\" class=\"wp-block-spacer\"><\/div>\n\n\n\n<figure class=\"wp-block-image size-large is-style-rounded is-style-rounded--5\"><img loading=\"lazy\" decoding=\"async\" width=\"1024\" height=\"683\" src=\"https:\/\/ptta.at\/wp-content\/uploads\/2026\/01\/TTC-Parkinson-1-26-2-1024x683.jpg\" alt=\"\" class=\"wp-image-2286\" style=\"aspect-ratio:1;object-fit:cover\" srcset=\"https:\/\/ptta.at\/wp-content\/uploads\/2026\/01\/TTC-Parkinson-1-26-2-1024x683.jpg 1024w, https:\/\/ptta.at\/wp-content\/uploads\/2026\/01\/TTC-Parkinson-1-26-2-300x200.jpg 300w, https:\/\/ptta.at\/wp-content\/uploads\/2026\/01\/TTC-Parkinson-1-26-2-768x512.jpg 768w, https:\/\/ptta.at\/wp-content\/uploads\/2026\/01\/TTC-Parkinson-1-26-2-1536x1024.jpg 1536w, https:\/\/ptta.at\/wp-content\/uploads\/2026\/01\/TTC-Parkinson-1-26-2-2048x1365.jpg 2048w\" sizes=\"auto, (max-width: 1024px) 100vw, 1024px\" \/><\/figure>\n\n\n\n<div style=\"height:var(--wp--preset--spacing--50)\" aria-hidden=\"true\" class=\"wp-block-spacer\"><\/div>\n\n\n\n<figure class=\"wp-block-image size-large is-style-rounded is-style-rounded--6\"><img loading=\"lazy\" decoding=\"async\" width=\"1024\" height=\"683\" src=\"https:\/\/ptta.at\/wp-content\/uploads\/2026\/01\/TTC-Parkinson-1-26-23-1024x683.jpg\" alt=\"\" class=\"wp-image-2294\" style=\"aspect-ratio:1;object-fit:cover\" srcset=\"https:\/\/ptta.at\/wp-content\/uploads\/2026\/01\/TTC-Parkinson-1-26-23-1024x683.jpg 1024w, https:\/\/ptta.at\/wp-content\/uploads\/2026\/01\/TTC-Parkinson-1-26-23-300x200.jpg 300w, https:\/\/ptta.at\/wp-content\/uploads\/2026\/01\/TTC-Parkinson-1-26-23-768x512.jpg 768w, https:\/\/ptta.at\/wp-content\/uploads\/2026\/01\/TTC-Parkinson-1-26-23-1536x1024.jpg 1536w, https:\/\/ptta.at\/wp-content\/uploads\/2026\/01\/TTC-Parkinson-1-26-23-2048x1365.jpg 2048w\" sizes=\"auto, (max-width: 1024px) 100vw, 1024px\" \/><\/figure>\n\n\n\n<p><\/p>\n<\/div>\n\n\n\n<div class=\"wp-block-column is-layout-flow wp-container-core-column-is-layout-8a368f38 wp-block-column-is-layout-flow\">\n<figure class=\"wp-block-image size-large is-style-rounded is-style-rounded--7\"><img loading=\"lazy\" decoding=\"async\" width=\"768\" height=\"1024\" src=\"https:\/\/ptta.at\/wp-content\/uploads\/2026\/01\/IMG-20260118-WA0011-768x1024.jpg\" alt=\"\" class=\"wp-image-2282\" style=\"aspect-ratio:3\/4;object-fit:cover\" srcset=\"https:\/\/ptta.at\/wp-content\/uploads\/2026\/01\/IMG-20260118-WA0011-768x1024.jpg 768w, https:\/\/ptta.at\/wp-content\/uploads\/2026\/01\/IMG-20260118-WA0011-225x300.jpg 225w, https:\/\/ptta.at\/wp-content\/uploads\/2026\/01\/IMG-20260118-WA0011-1152x1536.jpg 1152w, https:\/\/ptta.at\/wp-content\/uploads\/2026\/01\/IMG-20260118-WA0011.jpg 1500w\" sizes=\"auto, (max-width: 768px) 100vw, 768px\" \/><\/figure>\n\n\n\n<div style=\"height:var(--wp--preset--spacing--50)\" aria-hidden=\"true\" class=\"wp-block-spacer\"><\/div>\n\n\n\n<figure class=\"wp-block-image size-large is-style-rounded is-style-rounded--8\"><img loading=\"lazy\" decoding=\"async\" width=\"1024\" height=\"683\" src=\"https:\/\/ptta.at\/wp-content\/uploads\/2026\/01\/TTC-Parkinson-1-26-15-1024x683.jpg\" alt=\"\" class=\"wp-image-2293\" style=\"aspect-ratio:3\/4;object-fit:cover\" srcset=\"https:\/\/ptta.at\/wp-content\/uploads\/2026\/01\/TTC-Parkinson-1-26-15-1024x683.jpg 1024w, https:\/\/ptta.at\/wp-content\/uploads\/2026\/01\/TTC-Parkinson-1-26-15-300x200.jpg 300w, https:\/\/ptta.at\/wp-content\/uploads\/2026\/01\/TTC-Parkinson-1-26-15-768x512.jpg 768w, https:\/\/ptta.at\/wp-content\/uploads\/2026\/01\/TTC-Parkinson-1-26-15-1536x1024.jpg 1536w, https:\/\/ptta.at\/wp-content\/uploads\/2026\/01\/TTC-Parkinson-1-26-15-2048x1365.jpg 2048w\" sizes=\"auto, (max-width: 1024px) 100vw, 1024px\" \/><\/figure>\n\n\n\n<div style=\"height:var(--wp--preset--spacing--50)\" aria-hidden=\"true\" class=\"wp-block-spacer\"><\/div>\n\n\n\n<figure class=\"wp-block-image size-large is-style-rounded is-style-rounded--9\"><img loading=\"lazy\" decoding=\"async\" width=\"1024\" height=\"683\" src=\"https:\/\/ptta.at\/wp-content\/uploads\/2026\/01\/TTC-Parkinson-1-26-17-1024x683.jpg\" alt=\"\" class=\"wp-image-2295\" style=\"aspect-ratio:16\/9;object-fit:cover\" srcset=\"https:\/\/ptta.at\/wp-content\/uploads\/2026\/01\/TTC-Parkinson-1-26-17-1024x683.jpg 1024w, https:\/\/ptta.at\/wp-content\/uploads\/2026\/01\/TTC-Parkinson-1-26-17-300x200.jpg 300w, https:\/\/ptta.at\/wp-content\/uploads\/2026\/01\/TTC-Parkinson-1-26-17-768x512.jpg 768w, https:\/\/ptta.at\/wp-content\/uploads\/2026\/01\/TTC-Parkinson-1-26-17-1536x1024.jpg 1536w, https:\/\/ptta.at\/wp-content\/uploads\/2026\/01\/TTC-Parkinson-1-26-17-2048x1365.jpg 2048w\" sizes=\"auto, (max-width: 1024px) 100vw, 1024px\" \/><\/figure>\n<\/div>\n\n\n\n<div class=\"wp-block-column is-layout-flow wp-container-core-column-is-layout-8a368f38 wp-block-column-is-layout-flow\">\n<div style=\"height:var(--wp--preset--spacing--50)\" aria-hidden=\"true\" class=\"wp-block-spacer\"><\/div>\n\n\n\n<figure class=\"wp-block-image size-large is-style-rounded is-style-rounded--10\"><img loading=\"lazy\" decoding=\"async\" width=\"1024\" height=\"768\" src=\"https:\/\/ptta.at\/wp-content\/uploads\/2026\/01\/IMG-20260118-WA0012-1024x768.jpg\" alt=\"\" class=\"wp-image-2283\" style=\"aspect-ratio:1;object-fit:cover\" srcset=\"https:\/\/ptta.at\/wp-content\/uploads\/2026\/01\/IMG-20260118-WA0012-1024x768.jpg 1024w, https:\/\/ptta.at\/wp-content\/uploads\/2026\/01\/IMG-20260118-WA0012-300x225.jpg 300w, https:\/\/ptta.at\/wp-content\/uploads\/2026\/01\/IMG-20260118-WA0012-768x576.jpg 768w, https:\/\/ptta.at\/wp-content\/uploads\/2026\/01\/IMG-20260118-WA0012-1536x1152.jpg 1536w, https:\/\/ptta.at\/wp-content\/uploads\/2026\/01\/IMG-20260118-WA0012.jpg 1600w\" sizes=\"auto, (max-width: 1024px) 100vw, 1024px\" \/><\/figure>\n\n\n\n<div style=\"height:var(--wp--preset--spacing--50)\" aria-hidden=\"true\" class=\"wp-block-spacer\"><\/div>\n\n\n\n<figure class=\"wp-block-image size-large is-style-rounded is-style-rounded--11\"><img loading=\"lazy\" decoding=\"async\" width=\"1024\" height=\"545\" src=\"https:\/\/ptta.at\/wp-content\/uploads\/2026\/01\/IMG-20260119-WA0000-1024x545.jpg\" alt=\"\" class=\"wp-image-2287\" style=\"aspect-ratio:16\/9;object-fit:cover\" srcset=\"https:\/\/ptta.at\/wp-content\/uploads\/2026\/01\/IMG-20260119-WA0000-1024x545.jpg 1024w, https:\/\/ptta.at\/wp-content\/uploads\/2026\/01\/IMG-20260119-WA0000-300x160.jpg 300w, https:\/\/ptta.at\/wp-content\/uploads\/2026\/01\/IMG-20260119-WA0000-768x409.jpg 768w, https:\/\/ptta.at\/wp-content\/uploads\/2026\/01\/IMG-20260119-WA0000.jpg 1170w\" sizes=\"auto, (max-width: 1024px) 100vw, 1024px\" \/><\/figure>\n\n\n\n<div style=\"height:var(--wp--preset--spacing--50)\" aria-hidden=\"true\" class=\"wp-block-spacer\"><\/div>\n\n\n\n<figure class=\"wp-block-image size-large is-style-rounded is-style-rounded--12\"><img loading=\"lazy\" decoding=\"async\" width=\"1024\" height=\"683\" src=\"https:\/\/ptta.at\/wp-content\/uploads\/2026\/01\/TTC-Parkinson-1-26-18-1024x683.jpg\" alt=\"\" class=\"wp-image-2292\" style=\"aspect-ratio:9\/16;object-fit:cover\" srcset=\"https:\/\/ptta.at\/wp-content\/uploads\/2026\/01\/TTC-Parkinson-1-26-18-1024x683.jpg 1024w, https:\/\/ptta.at\/wp-content\/uploads\/2026\/01\/TTC-Parkinson-1-26-18-300x200.jpg 300w, https:\/\/ptta.at\/wp-content\/uploads\/2026\/01\/TTC-Parkinson-1-26-18-768x512.jpg 768w, https:\/\/ptta.at\/wp-content\/uploads\/2026\/01\/TTC-Parkinson-1-26-18-1536x1024.jpg 1536w, https:\/\/ptta.at\/wp-content\/uploads\/2026\/01\/TTC-Parkinson-1-26-18-2048x1365.jpg 2048w\" sizes=\"auto, (max-width: 1024px) 100vw, 1024px\" \/><\/figure>\n<\/div>\n<\/div>\n\n\n\n<figure class=\"wp-block-image size-large is-style-rounded is-style-rounded--13\"><img loading=\"lazy\" decoding=\"async\" width=\"1024\" height=\"768\" src=\"https:\/\/ptta.at\/wp-content\/uploads\/2026\/01\/IMG-20260118-WA0013-1024x768.jpg\" alt=\"\" class=\"wp-image-2289\" style=\"aspect-ratio:16\/9;object-fit:cover\" srcset=\"https:\/\/ptta.at\/wp-content\/uploads\/2026\/01\/IMG-20260118-WA0013-1024x768.jpg 1024w, https:\/\/ptta.at\/wp-content\/uploads\/2026\/01\/IMG-20260118-WA0013-300x225.jpg 300w, https:\/\/ptta.at\/wp-content\/uploads\/2026\/01\/IMG-20260118-WA0013-768x576.jpg 768w, https:\/\/ptta.at\/wp-content\/uploads\/2026\/01\/IMG-20260118-WA0013-1536x1152.jpg 1536w, https:\/\/ptta.at\/wp-content\/uploads\/2026\/01\/IMG-20260118-WA0013.jpg 1600w\" sizes=\"auto, (max-width: 1024px) 100vw, 1024px\" \/><\/figure>\n\n\n\n<figure class=\"wp-block-image aligncenter size-large is-style-rounded is-style-rounded--14\"><a href=\"https:\/\/ptta.at\/wp-content\/uploads\/2026\/03\/Bericht-2-Ergebnisse-2.-Kaernten-Cup_NOeerg2.jpg\" target=\"_blank\" rel=\" noreferrer noopener\"><img loading=\"lazy\" decoding=\"async\" width=\"918\" height=\"1024\" src=\"https:\/\/ptta.at\/wp-content\/uploads\/2026\/03\/Bericht-2-Ergebnisse-2.-Kaernten-Cup_NOeerg2-918x1024.jpg\" alt=\"\" class=\"wp-image-2385\" srcset=\"https:\/\/ptta.at\/wp-content\/uploads\/2026\/03\/Bericht-2-Ergebnisse-2.-Kaernten-Cup_NOeerg2-918x1024.jpg 918w, https:\/\/ptta.at\/wp-content\/uploads\/2026\/03\/Bericht-2-Ergebnisse-2.-Kaernten-Cup_NOeerg2-269x300.jpg 269w, https:\/\/ptta.at\/wp-content\/uploads\/2026\/03\/Bericht-2-Ergebnisse-2.-Kaernten-Cup_NOeerg2-768x857.jpg 768w, https:\/\/ptta.at\/wp-content\/uploads\/2026\/03\/Bericht-2-Ergebnisse-2.-Kaernten-Cup_NOeerg2-1377x1536.jpg 1377w, https:\/\/ptta.at\/wp-content\/uploads\/2026\/03\/Bericht-2-Ergebnisse-2.-Kaernten-Cup_NOeerg2-1836x2048.jpg 1836w\" sizes=\"auto, (max-width: 918px) 100vw, 918px\" \/><\/a><\/figure>\n<\/div>\n","protected":false},"excerpt":{"rendered":"<p>Am 17. J\u00e4nner 2026 fand in Ebenthal bzw. Gurnitz der 2. K\u00e4rnten Cup mit 30 StarterInnen aus \u00d6sterreich, Deutschland, sowie je einer Dame aus Belgien und Holland, statt. Nach dem erfolgreichen ersten K\u00e4rnten Cup 2025 wurde das Starterfeld verdoppelt, und Dietmar Jan und der TTC Felsberger Gurnitz organisierten wieder ein tolles Turnier, mit einem Rundum-Wohlf\u00fchl-Paket [&hellip;]<\/p>\n","protected":false},"author":4,"featured_media":0,"parent":0,"menu_order":0,"comment_status":"closed","ping_status":"closed","template":"","meta":{"footnotes":""},"class_list":["post-2278","page","type-page","status-publish","hentry"],"_links":{"self":[{"href":"https:\/\/ptta.at\/index.php?rest_route=\/wp\/v2\/pages\/2278","targetHints":{"allow":["GET"]}}],"collection":[{"href":"https:\/\/ptta.at\/index.php?rest_route=\/wp\/v2\/pages"}],"about":[{"href":"https:\/\/ptta.at\/index.php?rest_route=\/wp\/v2\/types\/page"}],"author":[{"embeddable":true,"href":"https:\/\/ptta.at\/index.php?rest_route=\/wp\/v2\/users\/4"}],"replies":[{"embeddable":true,"href":"https:\/\/ptta.at\/index.php?rest_route=%2Fwp%2Fv2%2Fcomments&post=2278"}],"version-history":[{"count":5,"href":"https:\/\/ptta.at\/index.php?rest_route=\/wp\/v2\/pages\/2278\/revisions"}],"predecessor-version":[{"id":2386,"href":"https:\/\/ptta.at\/index.php?rest_route=\/wp\/v2\/pages\/2278\/revisions\/2386"}],"wp:attachment":[{"href":"https:\/\/ptta.at\/index.php?rest_route=%2Fwp%2Fv2%2Fmedia&parent=2278"}],"curies":[{"name":"wp","href":"https:\/\/api.w.org\/{rel}","templated":true}]}}