{"id":1303,"date":"2025-02-09T12:44:19","date_gmt":"2025-02-09T11:44:19","guid":{"rendered":"https:\/\/ptta.at\/?page_id=1303"},"modified":"2025-02-17T17:07:15","modified_gmt":"2025-02-17T16:07:15","slug":"neuropongtm-seminar","status":"publish","type":"page","link":"https:\/\/ptta.at\/?page_id=1303","title":{"rendered":"NeuropongTM-Seminar"},"content":{"rendered":"\n<div class=\"wp-block-media-text is-stacked-on-mobile\"><figure class=\"wp-block-media-text__media\"><img loading=\"lazy\" decoding=\"async\" width=\"1024\" height=\"768\" src=\"https:\/\/ptta.at\/wp-content\/uploads\/2025\/02\/20250131_081614-1024x768.jpg\" alt=\"\" class=\"wp-image-1305 size-full\" srcset=\"https:\/\/ptta.at\/wp-content\/uploads\/2025\/02\/20250131_081614-1024x768.jpg 1024w, https:\/\/ptta.at\/wp-content\/uploads\/2025\/02\/20250131_081614-300x225.jpg 300w, https:\/\/ptta.at\/wp-content\/uploads\/2025\/02\/20250131_081614-768x576.jpg 768w, https:\/\/ptta.at\/wp-content\/uploads\/2025\/02\/20250131_081614-1536x1152.jpg 1536w, https:\/\/ptta.at\/wp-content\/uploads\/2025\/02\/20250131_081614-2048x1536.jpg 2048w\" sizes=\"auto, (max-width: 1024px) 100vw, 1024px\" \/><\/figure><div class=\"wp-block-media-text__content\">\n<p>Ende J\u00e4nner besuchten einige \u00dcbungsleiter das NeuropongTM -Seminar von Dr. Antonio Barbera in Innsbruck. In Kooperation mit \u00d6TTV und Parkinson Tischtennis Tirol, geb\u00fchrt der Dank auch unserem Sponsor STADA Wien.  Alle Fotos: Irmgard Plank<\/p>\n<\/div><\/div>\n\n\n\n<figure class=\"wp-block-gallery has-nested-images columns-default is-cropped wp-block-gallery-1 is-layout-flex wp-block-gallery-is-layout-flex\">\n<figure class=\"wp-block-image size-large\"><img loading=\"lazy\" decoding=\"async\" width=\"1024\" height=\"768\" data-id=\"1311\" src=\"https:\/\/ptta.at\/wp-content\/uploads\/2025\/02\/20250131_080931-1024x768.jpg\" alt=\"\" class=\"wp-image-1311\" srcset=\"https:\/\/ptta.at\/wp-content\/uploads\/2025\/02\/20250131_080931-1024x768.jpg 1024w, https:\/\/ptta.at\/wp-content\/uploads\/2025\/02\/20250131_080931-300x225.jpg 300w, https:\/\/ptta.at\/wp-content\/uploads\/2025\/02\/20250131_080931-768x576.jpg 768w, https:\/\/ptta.at\/wp-content\/uploads\/2025\/02\/20250131_080931-1536x1152.jpg 1536w, https:\/\/ptta.at\/wp-content\/uploads\/2025\/02\/20250131_080931-2048x1536.jpg 2048w\" sizes=\"auto, (max-width: 1024px) 100vw, 1024px\" \/><\/figure>\n\n\n\n<figure class=\"wp-block-image size-large\"><img loading=\"lazy\" decoding=\"async\" width=\"1024\" height=\"768\" data-id=\"1307\" src=\"https:\/\/ptta.at\/wp-content\/uploads\/2025\/02\/20250131_081556-1024x768.jpg\" alt=\"\" class=\"wp-image-1307\" srcset=\"https:\/\/ptta.at\/wp-content\/uploads\/2025\/02\/20250131_081556-1024x768.jpg 1024w, https:\/\/ptta.at\/wp-content\/uploads\/2025\/02\/20250131_081556-300x225.jpg 300w, https:\/\/ptta.at\/wp-content\/uploads\/2025\/02\/20250131_081556-768x576.jpg 768w, https:\/\/ptta.at\/wp-content\/uploads\/2025\/02\/20250131_081556-1536x1152.jpg 1536w, https:\/\/ptta.at\/wp-content\/uploads\/2025\/02\/20250131_081556-2048x1536.jpg 2048w\" sizes=\"auto, (max-width: 1024px) 100vw, 1024px\" \/><\/figure>\n\n\n\n<figure class=\"wp-block-image size-large\"><img loading=\"lazy\" decoding=\"async\" width=\"1024\" height=\"768\" data-id=\"1308\" src=\"https:\/\/ptta.at\/wp-content\/uploads\/2025\/02\/20250131_104027-1024x768.jpg\" alt=\"\" class=\"wp-image-1308\" srcset=\"https:\/\/ptta.at\/wp-content\/uploads\/2025\/02\/20250131_104027-1024x768.jpg 1024w, https:\/\/ptta.at\/wp-content\/uploads\/2025\/02\/20250131_104027-300x225.jpg 300w, https:\/\/ptta.at\/wp-content\/uploads\/2025\/02\/20250131_104027-768x576.jpg 768w, https:\/\/ptta.at\/wp-content\/uploads\/2025\/02\/20250131_104027-1536x1152.jpg 1536w, https:\/\/ptta.at\/wp-content\/uploads\/2025\/02\/20250131_104027-2048x1536.jpg 2048w\" sizes=\"auto, (max-width: 1024px) 100vw, 1024px\" \/><\/figure>\n\n\n\n<figure class=\"wp-block-image size-large\"><img loading=\"lazy\" decoding=\"async\" width=\"768\" height=\"1024\" data-id=\"1310\" src=\"https:\/\/ptta.at\/wp-content\/uploads\/2025\/02\/20250131_124110-768x1024.jpg\" alt=\"\" class=\"wp-image-1310\" srcset=\"https:\/\/ptta.at\/wp-content\/uploads\/2025\/02\/20250131_124110-768x1024.jpg 768w, https:\/\/ptta.at\/wp-content\/uploads\/2025\/02\/20250131_124110-225x300.jpg 225w, https:\/\/ptta.at\/wp-content\/uploads\/2025\/02\/20250131_124110-1152x1536.jpg 1152w, https:\/\/ptta.at\/wp-content\/uploads\/2025\/02\/20250131_124110-1536x2048.jpg 1536w, https:\/\/ptta.at\/wp-content\/uploads\/2025\/02\/20250131_124110-scaled.jpg 1920w\" sizes=\"auto, (max-width: 768px) 100vw, 768px\" \/><\/figure>\n\n\n\n<figure class=\"wp-block-image size-large\"><img loading=\"lazy\" decoding=\"async\" width=\"1024\" height=\"768\" data-id=\"1309\" src=\"https:\/\/ptta.at\/wp-content\/uploads\/2025\/02\/20250131_124124-1024x768.jpg\" alt=\"\" class=\"wp-image-1309\" srcset=\"https:\/\/ptta.at\/wp-content\/uploads\/2025\/02\/20250131_124124-1024x768.jpg 1024w, https:\/\/ptta.at\/wp-content\/uploads\/2025\/02\/20250131_124124-300x225.jpg 300w, https:\/\/ptta.at\/wp-content\/uploads\/2025\/02\/20250131_124124-768x576.jpg 768w, https:\/\/ptta.at\/wp-content\/uploads\/2025\/02\/20250131_124124-1536x1152.jpg 1536w, https:\/\/ptta.at\/wp-content\/uploads\/2025\/02\/20250131_124124-2048x1536.jpg 2048w\" sizes=\"auto, (max-width: 1024px) 100vw, 1024px\" \/><\/figure>\n\n\n\n<figure class=\"wp-block-image size-large\"><img loading=\"lazy\" decoding=\"async\" width=\"1024\" height=\"768\" data-id=\"1312\" src=\"https:\/\/ptta.at\/wp-content\/uploads\/2025\/02\/20250131_135807-1024x768.jpg\" alt=\"\" class=\"wp-image-1312\" srcset=\"https:\/\/ptta.at\/wp-content\/uploads\/2025\/02\/20250131_135807-1024x768.jpg 1024w, https:\/\/ptta.at\/wp-content\/uploads\/2025\/02\/20250131_135807-300x225.jpg 300w, https:\/\/ptta.at\/wp-content\/uploads\/2025\/02\/20250131_135807-768x576.jpg 768w, https:\/\/ptta.at\/wp-content\/uploads\/2025\/02\/20250131_135807-1536x1152.jpg 1536w, https:\/\/ptta.at\/wp-content\/uploads\/2025\/02\/20250131_135807-2048x1536.jpg 2048w\" sizes=\"auto, (max-width: 1024px) 100vw, 1024px\" \/><\/figure>\n\n\n\n<figure class=\"wp-block-image size-large\"><img loading=\"lazy\" decoding=\"async\" width=\"768\" height=\"1024\" data-id=\"1306\" src=\"https:\/\/ptta.at\/wp-content\/uploads\/2025\/02\/20250131_140406-768x1024.jpg\" alt=\"\" class=\"wp-image-1306\" srcset=\"https:\/\/ptta.at\/wp-content\/uploads\/2025\/02\/20250131_140406-768x1024.jpg 768w, https:\/\/ptta.at\/wp-content\/uploads\/2025\/02\/20250131_140406-225x300.jpg 225w, https:\/\/ptta.at\/wp-content\/uploads\/2025\/02\/20250131_140406-1152x1536.jpg 1152w, https:\/\/ptta.at\/wp-content\/uploads\/2025\/02\/20250131_140406-1536x2048.jpg 1536w, https:\/\/ptta.at\/wp-content\/uploads\/2025\/02\/20250131_140406-scaled.jpg 1920w\" sizes=\"auto, (max-width: 768px) 100vw, 768px\" \/><\/figure>\n\n\n\n<figure class=\"wp-block-image size-large\"><img loading=\"lazy\" decoding=\"async\" width=\"1024\" height=\"768\" data-id=\"1315\" src=\"https:\/\/ptta.at\/wp-content\/uploads\/2025\/02\/20250131_161345-1024x768.jpg\" alt=\"\" class=\"wp-image-1315\" srcset=\"https:\/\/ptta.at\/wp-content\/uploads\/2025\/02\/20250131_161345-1024x768.jpg 1024w, https:\/\/ptta.at\/wp-content\/uploads\/2025\/02\/20250131_161345-300x225.jpg 300w, https:\/\/ptta.at\/wp-content\/uploads\/2025\/02\/20250131_161345-768x576.jpg 768w, https:\/\/ptta.at\/wp-content\/uploads\/2025\/02\/20250131_161345-1536x1152.jpg 1536w, https:\/\/ptta.at\/wp-content\/uploads\/2025\/02\/20250131_161345-2048x1536.jpg 2048w\" sizes=\"auto, (max-width: 1024px) 100vw, 1024px\" \/><\/figure>\n\n\n\n<figure class=\"wp-block-image size-large\"><img loading=\"lazy\" decoding=\"async\" width=\"1024\" height=\"768\" data-id=\"1316\" src=\"https:\/\/ptta.at\/wp-content\/uploads\/2025\/02\/20250131_165131-1024x768.jpg\" alt=\"\" class=\"wp-image-1316\" srcset=\"https:\/\/ptta.at\/wp-content\/uploads\/2025\/02\/20250131_165131-1024x768.jpg 1024w, https:\/\/ptta.at\/wp-content\/uploads\/2025\/02\/20250131_165131-300x225.jpg 300w, https:\/\/ptta.at\/wp-content\/uploads\/2025\/02\/20250131_165131-768x576.jpg 768w, https:\/\/ptta.at\/wp-content\/uploads\/2025\/02\/20250131_165131-1536x1152.jpg 1536w, https:\/\/ptta.at\/wp-content\/uploads\/2025\/02\/20250131_165131-2048x1536.jpg 2048w\" sizes=\"auto, (max-width: 1024px) 100vw, 1024px\" \/><\/figure>\n\n\n\n<figure class=\"wp-block-image size-large\"><img loading=\"lazy\" decoding=\"async\" width=\"1024\" height=\"768\" data-id=\"1314\" src=\"https:\/\/ptta.at\/wp-content\/uploads\/2025\/02\/20250201_091914-1024x768.jpg\" alt=\"\" class=\"wp-image-1314\" srcset=\"https:\/\/ptta.at\/wp-content\/uploads\/2025\/02\/20250201_091914-1024x768.jpg 1024w, https:\/\/ptta.at\/wp-content\/uploads\/2025\/02\/20250201_091914-300x225.jpg 300w, https:\/\/ptta.at\/wp-content\/uploads\/2025\/02\/20250201_091914-768x576.jpg 768w, https:\/\/ptta.at\/wp-content\/uploads\/2025\/02\/20250201_091914-1536x1152.jpg 1536w, https:\/\/ptta.at\/wp-content\/uploads\/2025\/02\/20250201_091914-2048x1536.jpg 2048w\" sizes=\"auto, (max-width: 1024px) 100vw, 1024px\" \/><\/figure>\n\n\n\n<figure class=\"wp-block-image size-large\"><img loading=\"lazy\" decoding=\"async\" width=\"1024\" height=\"768\" data-id=\"1313\" src=\"https:\/\/ptta.at\/wp-content\/uploads\/2025\/02\/20250201_130214-1024x768.jpg\" alt=\"\" class=\"wp-image-1313\" srcset=\"https:\/\/ptta.at\/wp-content\/uploads\/2025\/02\/20250201_130214-1024x768.jpg 1024w, https:\/\/ptta.at\/wp-content\/uploads\/2025\/02\/20250201_130214-300x225.jpg 300w, https:\/\/ptta.at\/wp-content\/uploads\/2025\/02\/20250201_130214-768x576.jpg 768w, https:\/\/ptta.at\/wp-content\/uploads\/2025\/02\/20250201_130214-1536x1152.jpg 1536w, https:\/\/ptta.at\/wp-content\/uploads\/2025\/02\/20250201_130214-2048x1536.jpg 2048w\" sizes=\"auto, (max-width: 1024px) 100vw, 1024px\" \/><\/figure>\n\n\n\n<figure class=\"wp-block-image size-large\"><img loading=\"lazy\" decoding=\"async\" width=\"1024\" height=\"768\" data-id=\"1317\" src=\"https:\/\/ptta.at\/wp-content\/uploads\/2025\/02\/20250201_131159-1-1024x768.jpg\" alt=\"\" class=\"wp-image-1317\" srcset=\"https:\/\/ptta.at\/wp-content\/uploads\/2025\/02\/20250201_131159-1-1024x768.jpg 1024w, https:\/\/ptta.at\/wp-content\/uploads\/2025\/02\/20250201_131159-1-300x225.jpg 300w, https:\/\/ptta.at\/wp-content\/uploads\/2025\/02\/20250201_131159-1-768x576.jpg 768w, https:\/\/ptta.at\/wp-content\/uploads\/2025\/02\/20250201_131159-1-1536x1152.jpg 1536w, https:\/\/ptta.at\/wp-content\/uploads\/2025\/02\/20250201_131159-1-2048x1536.jpg 2048w\" sizes=\"auto, (max-width: 1024px) 100vw, 1024px\" \/><\/figure>\n<\/figure>\n\n\n\n<div class=\"wp-block-media-text is-stacked-on-mobile\"><figure class=\"wp-block-media-text__media\"><img loading=\"lazy\" decoding=\"async\" width=\"605\" height=\"346\" src=\"https:\/\/ptta.at\/wp-content\/uploads\/2025\/02\/Crocodile-uebung.png\" alt=\"\" class=\"wp-image-1319 size-full\" srcset=\"https:\/\/ptta.at\/wp-content\/uploads\/2025\/02\/Crocodile-uebung.png 605w, https:\/\/ptta.at\/wp-content\/uploads\/2025\/02\/Crocodile-uebung-300x172.png 300w\" sizes=\"auto, (max-width: 605px) 100vw, 605px\" \/><\/figure><div class=\"wp-block-media-text__content\">\n<p>Antonio zeigte uns Aufw\u00e4rm-\u00dcbungen mit und ohne Tischtennis-Ball, bevor es dann an die Tische zu \u00dcbungen mit den Tiroler Parkinson-TT-SpielerInnen ging. Copyright Ausz\u00fcge NeuropongTM-Handbuch links und unten: Antonio Barbera<\/p>\n<\/div><\/div>\n\n\n\n<div class=\"wp-block-media-text is-stacked-on-mobile\"><figure class=\"wp-block-media-text__media\"><img loading=\"lazy\" decoding=\"async\" width=\"605\" height=\"534\" src=\"https:\/\/ptta.at\/wp-content\/uploads\/2025\/02\/Neuropong_Eisberg-1.png\" alt=\"\" class=\"wp-image-1320 size-full\" srcset=\"https:\/\/ptta.at\/wp-content\/uploads\/2025\/02\/Neuropong_Eisberg-1.png 605w, https:\/\/ptta.at\/wp-content\/uploads\/2025\/02\/Neuropong_Eisberg-1-300x265.png 300w\" sizes=\"auto, (max-width: 605px) 100vw, 605px\" \/><\/figure><div class=\"wp-block-media-text__content\">\n<p>Davor bekamen wir eine theoretische Einleitung \u00fcber die besonderen Bed\u00fcrfnisse bei neurodegenerativen Erkrankungen, mit dem Hinweis auf die Spitze des Eisbergs, die das ist, was man zuerst sieht, aber dass viele Symptome bzw. Beeintr\u00e4chtigungen noch unter der Oberfl\u00e4che versteckt sein k\u00f6nnen, sodass man sich auf jede\/n Spieler\/in individuell einstellen muss.<\/p>\n<\/div><\/div>\n\n\n\n<p>Es gab gro\u00dfe AHA-Erlebnisse, aber alle \u00dcbungsleiter\/TrainerInnen und Parkinson-TT-SpielerInnen waren mit Riesenspa\u00df bei der Sache, und nahmen sich viel f\u00fcr das laufende Training in den Gruppen mit. <\/p>\n\n\n\n<p>Das wichtigste war:      LAAAAANGSAAAAAMEEEER \ud83d\ude42 <\/p>\n\n\n\n<p>Danke auch nochmal den TirolerInnen f\u00fcr ihre offenen Worte, bei denen sie von den Erfahrungen mit Parkinson und dem Tischtennis-Spielen berichteten.<\/p>\n\n\n\n<p><\/p>\n","protected":false},"excerpt":{"rendered":"<p>Ende J\u00e4nner besuchten einige \u00dcbungsleiter das NeuropongTM -Seminar von Dr. Antonio Barbera in Innsbruck. In Kooperation mit \u00d6TTV und Parkinson Tischtennis Tirol, geb\u00fchrt der Dank auch unserem Sponsor STADA Wien. Alle Fotos: Irmgard Plank Antonio zeigte uns Aufw\u00e4rm-\u00dcbungen mit und ohne Tischtennis-Ball, bevor es dann an die Tische zu \u00dcbungen mit den Tiroler Parkinson-TT-SpielerInnen ging. [&hellip;]<\/p>\n","protected":false},"author":4,"featured_media":0,"parent":0,"menu_order":0,"comment_status":"closed","ping_status":"closed","template":"","meta":{"footnotes":""},"class_list":["post-1303","page","type-page","status-publish","hentry"],"_links":{"self":[{"href":"https:\/\/ptta.at\/index.php?rest_route=\/wp\/v2\/pages\/1303","targetHints":{"allow":["GET"]}}],"collection":[{"href":"https:\/\/ptta.at\/index.php?rest_route=\/wp\/v2\/pages"}],"about":[{"href":"https:\/\/ptta.at\/index.php?rest_route=\/wp\/v2\/types\/page"}],"author":[{"embeddable":true,"href":"https:\/\/ptta.at\/index.php?rest_route=\/wp\/v2\/users\/4"}],"replies":[{"embeddable":true,"href":"https:\/\/ptta.at\/index.php?rest_route=%2Fwp%2Fv2%2Fcomments&post=1303"}],"version-history":[{"count":6,"href":"https:\/\/ptta.at\/index.php?rest_route=\/wp\/v2\/pages\/1303\/revisions"}],"predecessor-version":[{"id":1342,"href":"https:\/\/ptta.at\/index.php?rest_route=\/wp\/v2\/pages\/1303\/revisions\/1342"}],"wp:attachment":[{"href":"https:\/\/ptta.at\/index.php?rest_route=%2Fwp%2Fv2%2Fmedia&parent=1303"}],"curies":[{"name":"wp","href":"https:\/\/api.w.org\/{rel}","templated":true}]}}